{"id":20,"date":"2018-02-25T12:04:55","date_gmt":"2018-02-25T11:04:55","guid":{"rendered":"http:\/\/zakladbiochemii.umed.pl\/?page_id=20"},"modified":"2023-09-19T09:50:13","modified_gmt":"2023-09-19T07:50:13","slug":"badania","status":"publish","type":"page","link":"https:\/\/zakladbiochemii.umed.pl\/index.php\/badania\/","title":{"rendered":"Badania"},"content":{"rendered":"<p><section class=\"kc-elm kc-css-213447 kc_row\"><div class=\"kc-row-container  kc-container\"><div class=\"kc-wrap-columns\"><div class=\"kc-elm kc-css-10615 kc_col-sm-12 kc_column kc_col-sm-12\"><div class=\"kc-col-container\"><div class=\"kc-elm kc-css-291626\" style=\"height: 40px; clear: both; width:100%;\"><\/div>\n<div class=\"kc-elm kc-css-852247 kc-title-wrap \">\n\n\t<h2 class=\"kc_title tytul-naglowka ciemny\">ZAKRES BADA\u0143<\/h2>\n<\/div>\n<div class=\"kc-elm kc-css-540596 kc_shortcode kc_single_image\">\n\n        <img decoding=\"async\" src=\"https:\/\/zakladbiochemii.umed.pl\/wp-content\/uploads\/2018\/03\/211973_7d6fa01d19184eb2af6181ee847282d4.jpg\" class=\"\" alt=\"\" \/>    <\/div>\n<div class=\"kc-elm kc-css-539367\" style=\"height: 40px; clear: both; width:100%;\"><\/div><div class=\"kc-elm kc-css-203379 kc_text_block strona\"><\/p>\n<ul>\n<li>choroby czynno\u015bciowe uk\u0142adu pokarmowego, np. zesp\u00f3\u0142 jelita wra\u017cliwego (IBS)<\/li>\n<li class=\"font_8\">choroby zapalne uk\u0142adu pokarmowego (NChZJ), np. wrzodziej\u0105ce zapalenie jelita grubego, choroba Le\u015bniowskiego-Crohna<\/li>\n<li class=\"font_8\"><span style=\"font-style: inherit;\">rak jelita grubego<\/span><\/li>\n<li class=\"font_8\">zesp\u00f3\u0142 metaboliczny<\/li>\n<\/ul>\n<p>\n<\/div><div class=\"kc-elm kc-css-840115\" style=\"height: 40px; clear: both; width:100%;\"><\/div><div class=\"kc-elm kc-css-345987 kc_text_block strona\"><\/p>\n<ul>\n<li class=\"font_8\">gastroenterologia<\/li>\n<li class=\"font_8\">patofizjologia<\/li>\n<li class=\"font_8\">farmakologia<\/li>\n<li class=\"font_8\">biologia medyczna<\/li>\n<li class=\"font_8\">chemia medyczna<\/li>\n<li class=\"font_8\">projektowanie lek\u00f3w<\/li>\n<\/ul>\n<p>\n<\/div><\/div><\/div><\/div><\/div><\/section><section class=\"kc-elm kc-css-113578 kc_row\"><div class=\"kc-row-container  kc-container\"><div class=\"kc-wrap-columns\"><div class=\"kc-elm kc-css-467286 kc_column kc_col-sm-12\"><div class=\"kc-col-container\"><div class=\"kc-elm kc-css-244220\" style=\"height: 50px; clear: both; width:100%;\"><\/div><\/div><\/div><\/div><\/div><\/section><section class=\"kc-elm kc-css-19359 kc_row\"><div class=\"kc-row-container  kc-container\"><div class=\"kc-wrap-columns\"><div class=\"kc-elm kc-css-252050 kc_col-sm-12 kc_column kc_col-sm-12\"><div class=\"kc-col-container\">\n<div class=\"kc-elm kc-css-447434 kc-title-wrap \">\n\n\t<h2 class=\"kc_title tytul-naglowka ciemny\">CELE<\/h2>\n<\/div>\n<div class=\"kc-elm kc-css-185610 kc_shortcode kc_single_image\">\n\n        <img decoding=\"async\" src=\"https:\/\/zakladbiochemii.umed.pl\/wp-content\/uploads\/2018\/03\/211973_5b45e76032534b9b8663638577b6c46a.jpg\" class=\"\" alt=\"\" \/>    <\/div>\n<div class=\"kc-elm kc-css-991718\" style=\"height: 40px; clear: both; width:100%;\"><\/div><div class=\"kc-elm kc-css-754808 kc_text_block strona\"><\/p>\n<ul>\n<li class=\"x_ContentPasted0\">pozna\u0107 i&nbsp;zrozumie\u0107 patogenez\u0119 chor\u00f3b uk\u0142adu pokarmowego oraz&nbsp;rol\u0119 czynnik\u00f3w wewn\u0119trznych i&nbsp;zewn\u0119trznych (opioidy, kanabinoidy, melatonina, ligandy receptor\u00f3w sierocych, itp.)<\/li>\n<li class=\"x_ContentPasted0\">odkry\u0107 i&nbsp;scharakteryzowa\u0107 nowe cele farmakologiczne w&nbsp;leczeniu chor\u00f3b czynno\u015bciowych i&nbsp;zapalnych uk\u0142adu pokarmowego; przeprowadzi\u0107 badania translacyjne do&nbsp;warunk\u00f3w klinicznych<\/li>\n<li class=\"x_ContentPasted0\">zaprojektowa\u0107 i&nbsp;scharakteryzowa\u0107 dzia\u0142anie biologiczne nowych lek\u00f3w dzia\u0142aj\u0105cych w&nbsp;obr\u0119bie uk\u0142adu pokarmowego<\/li>\n<\/ul>\n<p>\n<\/div><\/div><\/div><\/div><\/div><\/section><section class=\"kc-elm kc-css-834327 kc_row\"><div class=\"kc-row-container  kc-container\"><div class=\"kc-wrap-columns\"><div class=\"kc-elm kc-css-370894 kc_column kc_col-sm-12\"><div class=\"kc-col-container\"><div class=\"kc-elm kc-css-243036\" style=\"height: 50px; clear: both; width:100%;\"><\/div><\/div><\/div><\/div><\/div><\/section><section class=\"kc-elm kc-css-643938 kc_row\"><div class=\"kc-row-container  kc-container\"><div class=\"kc-wrap-columns\"><div class=\"kc-elm kc-css-321189 kc_col-sm-12 kc_column kc_col-sm-12\"><div class=\"kc-col-container\">\n<div class=\"kc-elm kc-css-839084 kc-title-wrap \">\n\n\t<h2 class=\"kc_title tytul-naglowka ciemny\">METODY<\/h2>\n<\/div>\n<div class=\"kc-elm kc-css-760087 kc_shortcode kc_single_image\">\n\n        <img decoding=\"async\" src=\"https:\/\/zakladbiochemii.umed.pl\/wp-content\/uploads\/2018\/03\/211973_d0c791fcd44a4192a5466e7a193b4ba3.jpg\" class=\"\" alt=\"\" \/>    <\/div>\n<div class=\"kc-elm kc-css-692632\" style=\"height: 40px; clear: both; width:100%;\"><\/div><div class=\"kc-elm kc-css-856791 kc_text_block strona\"><\/p>\n<ul>\n<li>in vitro \/ ex vivo: \u0142a\u017anie wodne, komory Ussinga, standardowe badania z zakresu biologii molekularnej<br \/>na materiale zwierz\u0119cym i ludzkim (PCR, ELISA, Western Blot, zymografia itp.), hodowle kom\u00f3rkowe<\/li>\n<li>zwierz\u0119ce modele *chor\u00f3b zapalnych uk\u0142adu pokarmowego, *wrzod\u00f3w \u017co\u0142\u0105dka, *cukrzycy, *oty\u0142o\u015bci, * chor\u00f3b czynno\u015bciowych uk\u0142adu pokarmowego, *b\u00f3lu; zwierz\u0119ce modele umo\u017cliwiaj\u0105ce badanie dzia\u0142ania zwi\u0105zk\u00f3w w obr\u0119bie o\u015brodkowego uk\u0142adu nerwowego (w tym modele depresji, l\u0119ku, aktywno\u015bci lokomotorycznej)<\/li>\n<\/ul>\n<p>\n<\/div><\/div><\/div><\/div><\/div><\/section><section class=\"kc-elm kc-css-22533 kc_row\"><div class=\"kc-row-container  kc-container\"><div class=\"kc-wrap-columns\"><div class=\"kc-elm kc-css-42462 kc_column kc_col-sm-12\"><div class=\"kc-col-container\"><div class=\"kc-elm kc-css-908434\" style=\"height: 50px; clear: both; width:100%;\"><\/div><\/div><\/div><\/div><\/div><\/section><section class=\"kc-elm kc-css-220644 kc_row\"><div class=\"kc-row-container  kc-container\"><div class=\"kc-wrap-columns\"><div class=\"kc-elm kc-css-579357 kc_column kc_col-sm-12\"><div class=\"kc-col-container\"><\/div><\/div><\/div><\/div><\/section><\/p>\n","protected":false},"excerpt":{"rendered":"","protected":false},"author":2,"featured_media":0,"parent":0,"menu_order":0,"comment_status":"closed","ping_status":"closed","template":"template-sections.php","meta":{"footnotes":""},"class_list":["post-20","page","type-page","status-publish","hentry"],"_links":{"self":[{"href":"https:\/\/zakladbiochemii.umed.pl\/index.php\/wp-json\/wp\/v2\/pages\/20","targetHints":{"allow":["GET"]}}],"collection":[{"href":"https:\/\/zakladbiochemii.umed.pl\/index.php\/wp-json\/wp\/v2\/pages"}],"about":[{"href":"https:\/\/zakladbiochemii.umed.pl\/index.php\/wp-json\/wp\/v2\/types\/page"}],"author":[{"embeddable":true,"href":"https:\/\/zakladbiochemii.umed.pl\/index.php\/wp-json\/wp\/v2\/users\/2"}],"replies":[{"embeddable":true,"href":"https:\/\/zakladbiochemii.umed.pl\/index.php\/wp-json\/wp\/v2\/comments?post=20"}],"version-history":[{"count":76,"href":"https:\/\/zakladbiochemii.umed.pl\/index.php\/wp-json\/wp\/v2\/pages\/20\/revisions"}],"predecessor-version":[{"id":1273,"href":"https:\/\/zakladbiochemii.umed.pl\/index.php\/wp-json\/wp\/v2\/pages\/20\/revisions\/1273"}],"wp:attachment":[{"href":"https:\/\/zakladbiochemii.umed.pl\/index.php\/wp-json\/wp\/v2\/media?parent=20"}],"curies":[{"name":"wp","href":"https:\/\/api.w.org\/{rel}","templated":true}]}}