{"id":305,"date":"2018-10-08T10:24:39","date_gmt":"2018-10-08T08:24:39","guid":{"rendered":"http:\/\/zakladbiochemii.umed.pl\/?page_id=305"},"modified":"2025-11-12T14:06:55","modified_gmt":"2025-11-12T13:06:55","slug":"kontakt","status":"publish","type":"page","link":"https:\/\/zakladbiochemii.umed.pl\/index.php\/kontakt\/","title":{"rendered":"Kontakt"},"content":{"rendered":"<section class=\"kc-elm kc-css-925290 kc_row\"><div class=\"kc-row-container  kc-container\"><div class=\"kc-wrap-columns\"><div class=\"kc-elm kc-css-198262 kc_col-sm-12 kc_column kc_col-sm-12\"><div class=\"kc-col-container\"><div class=\"kc-elm kc-css-341185 kc_row kc_row_inner\"><div class=\"kc-elm kc-css-376688 kc_col-sm-6 kc_column_inner kc_col-sm-6\"><div class=\"kc_wrapper kc-col-inner-container\">\n<div class=\"kc-elm kc-css-548694 kc-title-wrap \">\n\n\t<h2 class=\"kc_title\">Zak\u0142ad Biochemii,\r\nKatedra Biochemii i Chemii\r\nUniwersytet Medyczny w \u0141odzi<\/h2>\n<\/div>\n<div class=\"kc-elm kc-css-762135 kc_text_block\"><\/p>\n<h3><strong>Mazowiecka 5, pok\u00f3j 0.22<\/strong><br \/><strong>92-215 \u0141\u00f3d\u017a, Polska<\/strong><\/h3>\n<p>\n<\/div><div class=\"kc-elm kc-css-680698 kc_text_block\"><\/p>\n<p>Pracownicy naukowo-dydaktyczni:<\/p>\n<p><strong>prof. dr hab. n. med. Jakub Fichna<\/strong><br \/>Tel: (48 42) 272 57 65<br \/><a href=\"mailto:\u200bjakub.fichna@umed.lodz.pl\">\u200bjakub.fichna@umed.lodz.pl<\/a><\/p>\n<p><strong>prof. dr hab. in\u017c. Urszula Lewandowska<\/strong><br \/>Tel: (48 42) 272 57 63<br \/><a href=\"mailto:urszula.lewandowska@umed.lodz.pl\">urszula.lewandowska@umed.lodz.pl<\/a><\/p>\n<p><span style=\"font-weight: 600;\">prof. dr hab. n. med. Maciej Sa\u0142aga<\/span><br \/>Tel: (48 42) 272 57 62<br \/><a href=\"mailto:maciej.salaga@umed.lodz.pl\">maciej.salaga@umed.lodz.pl<\/a><\/p>\n<div>\n<p><strong>dr hab. n. med. Marta Zieli\u0144ska, prof. uczelni<\/strong><br \/>Tel: (48 42) 272 57 62<br \/><a href=\"mailto:marta.zielinska@umed.lodz.pl\">marta.zielinska@umed.lodz.pl<\/a><\/p>\n<p><strong>dr n. chem. Kinga Majchrzak<\/strong><br \/>Tel: (48 42) 272 57 62<br \/><a href=\"mailto:kinga.majchrzak@umed.lodz.pl\">kinga.majchrzak@umed.lodz.pl<\/a><\/p>\n<p><strong>dr n. med. in\u017c. Aleksandra Tarasiuk-Zawadzka<\/strong><br \/>Tel: (48 42) 272 57 62<br \/><a href=\"mailto:aleksandra.tarasiuk-zawadzka@umed.lodz.pl\">aleksandra.tarasiuk-zawadzka@umed.lodz.pl<\/a><\/p>\n<p>G\u0142\u00f3wny specjalista ds. naukowo-badawczych:<\/p>\n<p><strong>dr n. med. Katarzyna Owczarek<\/strong><br \/>Tel: (48 42) 272 57 62<br \/><a href=\"mailto:katarzyna.owczarek@umed.lodz.pl\">katarzyna.owczarek@umed.lodz.pl<\/a><\/p>\n<p>Starszy specjalista ds. naukowo-technicznych:<\/p>\n<p><strong>mgr in\u017c. Karolina Niewinna<\/strong><br \/>Tel: (48 42) 272 57 62<br \/><a href=\"mailto:karolina.niewinna@umed.lodz.pl\">karolina.niewinna@umed.lodz.pl<\/a><\/p>\n<p>Specjalista ds. projekt\u00f3w badawczych:<\/p>\n<p><span style=\"font-weight: 600;\">mgr in\u017c. Karolina Wyka<\/span><br \/>Tel: (48 42) 272 57 62<br \/><a href=\"mailto:karolina.wyka@umed.lodz.pl\">karolina.wyka@umed.lodz.pl<\/a><\/p>\n<p>Postdocy:<\/p>\n<p><strong>dr n. med. Marcin Talar<\/strong><\/p>\n<p>Doktoranci:<\/p>\n<p><strong style=\"font-style: inherit;\">lek. Mi\u0142osz Caban<\/strong><\/p>\n<p><strong>mgr Maria Jaczy\u0144ska<\/strong><\/p>\n<p><strong>Wojciech Kr\u00f3l<\/strong><\/p>\n<p><strong style=\"font-style: inherit;\">mgr Weronika Machelak<\/strong><\/p>\n<p><strong style=\"font-style: inherit;\">lek. Adam Makaro<\/strong><\/p>\n<p><strong style=\"font-style: inherit;\">mgr Karolina Merecz<\/strong><\/p>\n<p><strong style=\"font-style: inherit;\">mgr Zuzanna Senkowska<\/strong><\/p>\n<p><strong style=\"font-style: inherit;\">mgr Kinga Suska<\/strong><\/p>\n<p><strong>lek. Miko\u0142aj \u015awierczy\u0144ski<\/strong><\/p>\n<p><strong>lek. Jakub W\u0142odarczyk&nbsp;<\/strong><\/p>\n<\/div>\n<p>\n<\/div><\/div><\/div><div class=\"kc-elm kc-css-340148 kc_col-sm-6 kc_column_inner kc_col-sm-6\"><div class=\"kc_wrapper kc-col-inner-container\"><div class=\"kc-elm kc-css-885335 kc_google_maps kc_shortcode\"><div style=\"height: 350px\" class=\"kc-google-maps\"><iframe src=\"https:\/\/www.google.com\/maps\/embed?pb=!1m18!1m12!1m3!1d2468.715217000051!2d19.510857315239875!3d51.774813198937245!2m3!1f0!2f0!3f0!3m2!1i1024!2i768!4f13.1!3m3!1m2!1s0x471bcb42d0b674cd%3A0x73be20daf810d950!2zTWF6b3dpZWNrYSA1LCA5Mi0yMTUgxYHDs2TFug!5e0!3m2!1sen!2spl!4v1659360273003!5m2!1sen!2spl\" width=\"100%\" height=\"350\" style=\"border:0;\" allowfullscreen=\"\" loading=\"lazy\" referrerpolicy=\"no-referrer-when-downgrade\"><\/iframe><\/div><\/div><div class=\"kc-elm kc-css-258012\" style=\"height: 20px; clear: both; width:100%;\"><\/div><div class=\"kc-elm kc-css-212178 kc_text_block\"><\/p>\n<div id=\"hxiqy6vw\" class=\"txtNew\" data-packed=\"false\">\n<p class=\"font_7\"><span class=\"color_24\"><strong>Dojazd:<\/strong><br \/><\/span>Warszawa &#8211; \u0141\u00f3d\u017a, Pozna\u0144 &#8211; \u0141\u00f3d\u017a: A2<br \/>Gda\u0144sk &#8211; \u0141\u00f3d\u017a: A1<br \/>Wroc\u0142aw &#8211; \u0141\u00f3d\u017a: S8 &#8211; DK14<\/p>\n<p class=\"font_8\"><strong>Trasa:<\/strong><\/p>\n<p class=\"font_8\"><a href=\"https:\/\/www.google.pl\/maps\/dir\/\" target=\"_blank\" rel=\"nofollow noopener\" data-content=\"https:\/\/www.google.pl\/maps\/dir\/\" data-type=\"external\">https:\/\/www.google.pl\/maps\/dir\/<\/a><br \/><a href=\"http:\/\/www.zumi.pl\/trasa.html\" target=\"_blank\" rel=\"nofollow noopener\" data-content=\"http:\/\/www.zumi.pl\/trasa.html\" data-type=\"external\">http:\/\/www.zumi.pl\/trasa.html<\/a><br \/><a href=\"http:\/\/www.mapcrow.info\/\" target=\"_blank\" rel=\"nofollow noopener\" data-content=\"http:\/\/www.mapcrow.info\/\" data-type=\"external\">http:\/\/www.mapcrow.info\/<\/a><\/p>\n<\/div>\n<p>\n<\/div><\/div><\/div><\/div><\/div><\/div><\/div><\/div><\/section>\n","protected":false},"excerpt":{"rendered":"","protected":false},"author":2,"featured_media":0,"parent":0,"menu_order":0,"comment_status":"closed","ping_status":"closed","template":"","meta":{"footnotes":""},"class_list":["post-305","page","type-page","status-publish","hentry"],"_links":{"self":[{"href":"https:\/\/zakladbiochemii.umed.pl\/index.php\/wp-json\/wp\/v2\/pages\/305","targetHints":{"allow":["GET"]}}],"collection":[{"href":"https:\/\/zakladbiochemii.umed.pl\/index.php\/wp-json\/wp\/v2\/pages"}],"about":[{"href":"https:\/\/zakladbiochemii.umed.pl\/index.php\/wp-json\/wp\/v2\/types\/page"}],"author":[{"embeddable":true,"href":"https:\/\/zakladbiochemii.umed.pl\/index.php\/wp-json\/wp\/v2\/users\/2"}],"replies":[{"embeddable":true,"href":"https:\/\/zakladbiochemii.umed.pl\/index.php\/wp-json\/wp\/v2\/comments?post=305"}],"version-history":[{"count":65,"href":"https:\/\/zakladbiochemii.umed.pl\/index.php\/wp-json\/wp\/v2\/pages\/305\/revisions"}],"predecessor-version":[{"id":1572,"href":"https:\/\/zakladbiochemii.umed.pl\/index.php\/wp-json\/wp\/v2\/pages\/305\/revisions\/1572"}],"wp:attachment":[{"href":"https:\/\/zakladbiochemii.umed.pl\/index.php\/wp-json\/wp\/v2\/media?parent=305"}],"curies":[{"name":"wp","href":"https:\/\/api.w.org\/{rel}","templated":true}]}}